{"id":18,"date":"2020-05-05T19:18:02","date_gmt":"2020-05-05T17:18:02","guid":{"rendered":"http:\/\/laghetto.pl\/prywatne\/?page_id=18"},"modified":"2022-10-19T10:10:27","modified_gmt":"2022-10-19T08:10:27","slug":"oferta","status":"publish","type":"page","link":"https:\/\/laghetto.pl\/prywatne\/oferta\/","title":{"rendered":"Oferta"},"content":{"rendered":"","protected":false},"excerpt":{"rendered":"","protected":false},"author":1,"featured_media":0,"parent":0,"menu_order":0,"comment_status":"closed","ping_status":"closed","template":"page-offer.php","meta":[],"yoast_head":"<!-- This site is optimized with the Yoast SEO plugin v15.5 - https:\/\/yoast.com\/wordpress\/plugins\/seo\/ -->\n<meta name=\"description\" content=\"Laghetto baseny prywatne oferuje osiem r\u00f3\u017cnych rodzaj\u00f3w luksusowych basen\u00f3w naziemnych. Zapraszamy do wsp\u00f3\u0142pracy klient\u00f3w biznesowych i indywidualnych.\" \/>\n<meta name=\"robots\" content=\"index, follow, max-snippet:-1, max-image-preview:large, max-video-preview:-1\" \/>\n<link rel=\"canonical\" href=\"https:\/\/laghetto.pl\/prywatne\/oferta\/\" \/>\n<meta property=\"og:locale\" content=\"pl_PL\" \/>\n<meta property=\"og:type\" content=\"article\" \/>\n<meta property=\"og:title\" content=\"Oferta - Laghetto baseny prywatne\" \/>\n<meta property=\"og:description\" content=\"Laghetto baseny prywatne oferuje osiem r\u00f3\u017cnych rodzaj\u00f3w luksusowych basen\u00f3w naziemnych. Zapraszamy do wsp\u00f3\u0142pracy klient\u00f3w biznesowych i indywidualnych.\" \/>\n<meta property=\"og:url\" content=\"https:\/\/laghetto.pl\/prywatne\/oferta\/\" \/>\n<meta property=\"og:site_name\" content=\"Baseny prywatne\" \/>\n<meta property=\"article:modified_time\" content=\"2022-10-19T08:10:27+00:00\" \/>\n<meta name=\"twitter:card\" content=\"summary_large_image\" \/>\n<script type=\"application\/ld+json\" class=\"yoast-schema-graph\">{\"@context\":\"https:\/\/schema.org\",\"@graph\":[{\"@type\":\"WebSite\",\"@id\":\"https:\/\/laghetto.pl\/prywatne\/#website\",\"url\":\"https:\/\/laghetto.pl\/prywatne\/\",\"name\":\"Baseny prywatne\",\"description\":\"Kolejna witryna oparta na WordPressie\",\"potentialAction\":[{\"@type\":\"SearchAction\",\"target\":\"https:\/\/laghetto.pl\/prywatne\/?s={search_term_string}\",\"query-input\":\"required name=search_term_string\"}],\"inLanguage\":\"pl-PL\"},{\"@type\":\"WebPage\",\"@id\":\"https:\/\/laghetto.pl\/prywatne\/oferta\/#webpage\",\"url\":\"https:\/\/laghetto.pl\/prywatne\/oferta\/\",\"name\":\"Oferta - Laghetto baseny prywatne\",\"isPartOf\":{\"@id\":\"https:\/\/laghetto.pl\/prywatne\/#website\"},\"datePublished\":\"2020-05-05T17:18:02+00:00\",\"dateModified\":\"2022-10-19T08:10:27+00:00\",\"description\":\"Laghetto baseny prywatne oferuje osiem r\\u00f3\\u017cnych rodzaj\\u00f3w luksusowych basen\\u00f3w naziemnych. Zapraszamy do wsp\\u00f3\\u0142pracy klient\\u00f3w biznesowych i indywidualnych.\",\"inLanguage\":\"pl-PL\",\"potentialAction\":[{\"@type\":\"ReadAction\",\"target\":[\"https:\/\/laghetto.pl\/prywatne\/oferta\/\"]}]}]}<\/script>\n<!-- \/ Yoast SEO plugin. -->","_links":{"self":[{"href":"https:\/\/laghetto.pl\/prywatne\/wp-json\/wp\/v2\/pages\/18"}],"collection":[{"href":"https:\/\/laghetto.pl\/prywatne\/wp-json\/wp\/v2\/pages"}],"about":[{"href":"https:\/\/laghetto.pl\/prywatne\/wp-json\/wp\/v2\/types\/page"}],"author":[{"embeddable":true,"href":"https:\/\/laghetto.pl\/prywatne\/wp-json\/wp\/v2\/users\/1"}],"replies":[{"embeddable":true,"href":"https:\/\/laghetto.pl\/prywatne\/wp-json\/wp\/v2\/comments?post=18"}],"version-history":[{"count":7,"href":"https:\/\/laghetto.pl\/prywatne\/wp-json\/wp\/v2\/pages\/18\/revisions"}],"predecessor-version":[{"id":753,"href":"https:\/\/laghetto.pl\/prywatne\/wp-json\/wp\/v2\/pages\/18\/revisions\/753"}],"wp:attachment":[{"href":"https:\/\/laghetto.pl\/prywatne\/wp-json\/wp\/v2\/media?parent=18"}],"curies":[{"name":"wp","href":"https:\/\/api.w.org\/{rel}","templated":true}]}}