{"id":314,"date":"2020-05-29T10:54:37","date_gmt":"2020-05-29T08:54:37","guid":{"rendered":"http:\/\/laghetto.pl\/prywatne\/?page_id=314"},"modified":"2022-10-19T10:34:14","modified_gmt":"2022-10-19T08:34:14","slug":"pop","status":"publish","type":"page","link":"https:\/\/laghetto.pl\/prywatne\/baseny-naziemne\/pop\/","title":{"rendered":"POP!"},"content":{"rendered":"<p>Innowacyjny design na rynku basen\u00f3w naziemnych. Produkt reprezentuj\u0105cy s\u0142ynn\u0105 w\u0142osk\u0105 szko\u0142\u0119 designu! Mi\u0119kkie i zaokr\u0105glone formy, pi\u0119kne kolory oraz bajkowe nazwy przywodz\u0105 na my\u015bl \u015bwiat dzieci\u0144stwa i niezmiernie o\u017cywiaj\u0105 ka\u017cdy ogr\u00f3d.<\/p>\n<p>Bardzo wytrzyma\u0142a, nieprzepuszczalna membrana basenowa. Specjalny dodatek do membrany gwarantuje odporno\u015b\u0107 na starzenie, odkszta\u0142cenia oraz zabrudzenia wnikaj\u0105ce w struktur\u0119 materia\u0142u.<\/p>\n<p>Konstrukcja stela\u017ca pokryta zosta\u0142a warstw\u0105 antykorozyjn\u0105 w bardzo trwa\u0142ym procesie galwanizacji na gor\u0105co.<\/p>\n<p>Ka\u017cdy basen POP dostarczany jest z systemem podp\u00f3r umo\u017cliwiaj\u0105cych \u0142atwe posadowienie basenu na ka\u017cdej wypoziomowanej powierzchni. Podpory umo\u017cliwiaj\u0105 lepsze przeniesienie nacisku od konstrukcji, a tym samym lepsz\u0105 jej stabilno\u015b\u0107.<\/p>\n<p>Wyposa\u017cenie basenu:<\/p>\n<ul>\n<li>drabinka ( dodatkowe zabezpieczenie przed niekontrolowanym wej\u015bciem dziecka do basenu )<\/li>\n<li>lampa LED<\/li>\n<li>system filtracji<\/li>\n<li>odkurzacz basenowy<\/li>\n<\/ul>\n<p>&nbsp;<\/p>\n","protected":false},"excerpt":{"rendered":"<p>Innowacyjny design na rynku basen\u00f3w naziemnych. Produkt reprezentuj\u0105cy s\u0142ynn\u0105 w\u0142osk\u0105 szko\u0142\u0119 designu! Mi\u0119kkie i zaokr\u0105glone formy, pi\u0119kne kolory oraz bajkowe nazwy przywodz\u0105 na my\u015bl \u015bwiat dzieci\u0144stwa i niezmiernie o\u017cywiaj\u0105 ka\u017cdy ogr\u00f3d. Bardzo wytrzyma\u0142a, nieprzepuszczalna membrana basenowa. Specjalny dodatek do membrany gwarantuje odporno\u015b\u0107 na starzenie, odkszta\u0142cenia oraz zabrudzenia wnikaj\u0105ce w struktur\u0119 materia\u0142u. Konstrukcja stela\u017ca pokryta zosta\u0142a [&hellip;]<\/p>\n","protected":false},"author":1,"featured_media":0,"parent":0,"menu_order":0,"comment_status":"closed","ping_status":"closed","template":"page-single-offer.php","meta":[],"yoast_head":"<!-- This site is optimized with the Yoast SEO plugin v15.5 - https:\/\/yoast.com\/wordpress\/plugins\/seo\/ -->\n<meta name=\"description\" content=\"POP! oferowany przez Laghetto baseny prywatne reprezentuje w\u0142osk\u0105 szko\u0142\u0119 designu. Do tego wytrzyma\u0142y i wygodny, idealny basen naziemny do ka\u017cdego ogrodu.\" \/>\n<meta name=\"robots\" content=\"index, follow, max-snippet:-1, max-image-preview:large, max-video-preview:-1\" \/>\n<link rel=\"canonical\" href=\"https:\/\/laghetto.pl\/prywatne\/baseny-naziemne\/pop\/\" \/>\n<meta property=\"og:locale\" content=\"pl_PL\" \/>\n<meta property=\"og:type\" content=\"article\" \/>\n<meta property=\"og:title\" content=\"POP! - Laghetto baseny prywatne\" \/>\n<meta property=\"og:description\" content=\"POP! oferowany przez Laghetto baseny prywatne reprezentuje w\u0142osk\u0105 szko\u0142\u0119 designu. Do tego wytrzyma\u0142y i wygodny, idealny basen naziemny do ka\u017cdego ogrodu.\" \/>\n<meta property=\"og:url\" content=\"https:\/\/laghetto.pl\/prywatne\/baseny-naziemne\/pop\/\" \/>\n<meta property=\"og:site_name\" content=\"Baseny prywatne\" \/>\n<meta property=\"article:modified_time\" content=\"2022-10-19T08:34:14+00:00\" \/>\n<meta name=\"twitter:card\" content=\"summary_large_image\" \/>\n<meta name=\"twitter:label1\" content=\"Est. reading time\">\n\t<meta name=\"twitter:data1\" content=\"1 minuta\">\n<script type=\"application\/ld+json\" class=\"yoast-schema-graph\">{\"@context\":\"https:\/\/schema.org\",\"@graph\":[{\"@type\":\"WebSite\",\"@id\":\"https:\/\/laghetto.pl\/prywatne\/#website\",\"url\":\"https:\/\/laghetto.pl\/prywatne\/\",\"name\":\"Baseny prywatne\",\"description\":\"Kolejna witryna oparta na WordPressie\",\"potentialAction\":[{\"@type\":\"SearchAction\",\"target\":\"https:\/\/laghetto.pl\/prywatne\/?s={search_term_string}\",\"query-input\":\"required name=search_term_string\"}],\"inLanguage\":\"pl-PL\"},{\"@type\":\"WebPage\",\"@id\":\"https:\/\/laghetto.pl\/prywatne\/baseny-naziemne\/pop\/#webpage\",\"url\":\"https:\/\/laghetto.pl\/prywatne\/baseny-naziemne\/pop\/\",\"name\":\"POP! - Laghetto baseny prywatne\",\"isPartOf\":{\"@id\":\"https:\/\/laghetto.pl\/prywatne\/#website\"},\"datePublished\":\"2020-05-29T08:54:37+00:00\",\"dateModified\":\"2022-10-19T08:34:14+00:00\",\"description\":\"POP! oferowany przez Laghetto baseny prywatne reprezentuje w\\u0142osk\\u0105 szko\\u0142\\u0119 designu. Do tego wytrzyma\\u0142y i wygodny, idealny basen naziemny do ka\\u017cdego ogrodu.\",\"inLanguage\":\"pl-PL\",\"potentialAction\":[{\"@type\":\"ReadAction\",\"target\":[\"https:\/\/laghetto.pl\/prywatne\/baseny-naziemne\/pop\/\"]}]}]}<\/script>\n<!-- \/ Yoast SEO plugin. -->","_links":{"self":[{"href":"https:\/\/laghetto.pl\/prywatne\/wp-json\/wp\/v2\/pages\/314"}],"collection":[{"href":"https:\/\/laghetto.pl\/prywatne\/wp-json\/wp\/v2\/pages"}],"about":[{"href":"https:\/\/laghetto.pl\/prywatne\/wp-json\/wp\/v2\/types\/page"}],"author":[{"embeddable":true,"href":"https:\/\/laghetto.pl\/prywatne\/wp-json\/wp\/v2\/users\/1"}],"replies":[{"embeddable":true,"href":"https:\/\/laghetto.pl\/prywatne\/wp-json\/wp\/v2\/comments?post=314"}],"version-history":[{"count":1,"href":"https:\/\/laghetto.pl\/prywatne\/wp-json\/wp\/v2\/pages\/314\/revisions"}],"predecessor-version":[{"id":527,"href":"https:\/\/laghetto.pl\/prywatne\/wp-json\/wp\/v2\/pages\/314\/revisions\/527"}],"wp:attachment":[{"href":"https:\/\/laghetto.pl\/prywatne\/wp-json\/wp\/v2\/media?parent=314"}],"curies":[{"name":"wp","href":"https:\/\/api.w.org\/{rel}","templated":true}]}}