{"id":718,"date":"2022-05-11T10:42:27","date_gmt":"2022-05-11T08:42:27","guid":{"rendered":"https:\/\/laghetto.pl\/prywatne\/?page_id=718"},"modified":"2022-09-15T11:22:31","modified_gmt":"2022-09-15T09:22:31","slug":"baseny-ogrodowe","status":"publish","type":"page","link":"https:\/\/laghetto.pl\/prywatne\/baseny-ogrodowe\/","title":{"rendered":"Baseny ogrodowe stela\u017cowe"},"content":{"rendered":"<h2>Basen ogrodowy ca\u0142oroczny &#8211; relaks na wyci\u0105gni\u0119cie r\u0119ki<\/h2>\n<p>Marzysz o relaksie i orze\u017awieniu w upalne dni? Zainwestuj w basen stela\u017cowy, kt\u00f3ry umie\u015bcisz w swoim ogrodzie. Wyprawa do aquaparku czy na p\u0142ywalni\u0119 poch\u0142ania du\u017co czasu, szczeg\u00f3lnie je\u015bli wybierasz si\u0119 tam z dzie\u0107mi. Zakup\u00a0<strong>basenu ogrodowego stela\u017cowego<\/strong>\u00a0to nie tylko oszcz\u0119dno\u015b\u0107 czasu, ale tak\u017ce pieni\u0119dzy, poniewa\u017c jest to wieloletnia inwestycja, kt\u00f3ra zwraca si\u0119 po pewnym czasie. Dzi\u0119ki\u00a0<strong>basenowi ogrodowemu<\/strong>\u00a0wystarczy, \u017ce za\u0142o\u017cysz str\u00f3j k\u0105pielowy, aby och\u0142odzi\u0107 si\u0119 podczas upalnych dni w domowym zaciszu.\u00a0<strong>Baseny ogrodowe ca\u0142oroczne<\/strong>\u00a0to tak\u017ce doskona\u0142a propozycja dla tych os\u00f3b, kt\u00f3re nie przepadaj\u0105 za publicznymi k\u0105pieliskami i ceni\u0105 sobie prywatno\u015b\u0107. Basen w Twoim ogrodzie z pewno\u015bci\u0105 dostarczy Ci i Twojej rodzinie b\u0105d\u017a przyjacio\u0142om mn\u00f3stwo frajdy oraz orze\u017awienia podczas s\u0142onecznych dni.<\/p>\n<h2>Bezpieczny basen w ogrodzie dla Twoich pociech<\/h2>\n<p>Je\u015bli jeste\u015b rodzicem, to zapewne wiesz, \u017ce podczas k\u0105pieli z dzie\u0107mi na p\u0142ywalni b\u0105d\u017a nad jeziorem trzeba mie\u0107 oczy dooko\u0142a g\u0142owy.\u00a0<strong>Basen ogrodowy stela\u017cowy<\/strong>\u00a0to bezpieczna opcja dla Twoich pociech ze wzgl\u0119du na niedu\u017c\u0105 g\u0142\u0119boko\u015b\u0107 i stabiln\u0105 konstrukcj\u0119. Dzi\u0119ki niemu Twoje dzieci b\u0119d\u0105 mog\u0142y bawi\u0107 si\u0119 w wodzie przez ca\u0142y okres wiosenno-letni, bez konieczno\u015bci wyjazd\u00f3w na publiczne k\u0105pieliska. Niemniej jednak\u00a0<strong>baseny ogrodowe\u00a0<\/strong>ciesz\u0105 si\u0119 tak\u017ce du\u017c\u0105 popularno\u015bci\u0105 w\u015br\u00f3d doros\u0142ych, kt\u00f3rzy marz\u0105 o relaksie i orze\u017awieniu w ch\u0142odnej wodzie podczas upalnych dni. Gwarantujemy, \u017ce\u00a0<strong>basen ogrodowy\u00a0<\/strong>b\u0119dzie stanowi\u0142 doskona\u0142e miejsce do zabawy, odpoczynku i integracji z najbli\u017cszymi przez ca\u0142e lato!<\/p>\n<h2>Stabilna konstrukcja basenu ogrodowego stela\u017cowego<\/h2>\n<p><strong>Baseny ogrodowe stela\u017cowe<\/strong>\u00a0r\u00f3\u017cni\u0105 si\u0119 od basen\u00f3w rozporowych czy dmuchanych nie tylko cen\u0105, ale tak\u017ce kilkoma w\u0142a\u015bciwo\u015bciami. Przede wszystkim s\u0105 one w stanie utrzyma\u0107 si\u0142\u0119 wyporu wi\u0119kszej ilo\u015bci wody ni\u017c w przypadku basen\u00f3w dmuchanych. Dzi\u0119ki stabilnej konstrukcji stela\u017cu masz pewno\u015b\u0107, \u017ce zgromadzona w nim woda nie wyleje si\u0119 podczas zabawy.<\/p>\n<p><strong>Baseny ogrodowe stela\u017cowe<\/strong>\u00a0pozwalaj\u0105 tak\u017ce na swobodne opieranie si\u0119 o jego \u015bcianki. Wyr\u00f3\u017cniaj\u0105 si\u0119 du\u017cym rozmiarem, a wi\u0119c daj\u0105 mo\u017cliwo\u015b\u0107 nieograniczonej zabawy, a nawet nauki podstaw p\u0142ywania u dzieci. Zatem je\u015bli w okresie wakacyjnym planujesz wodne szale\u0144stwo w swoim ogrodzie, to zdecydowanie polecamy zakup basenu stela\u017cowego. Przypominamy jednak, \u017ce basen stela\u017cowy nie jest tym samym, co basen ca\u0142oroczny. Rozk\u0142ada si\u0119 go jedynie w okresie wiosenno-letnim i co wa\u017cne \u2013 na stabilnym gruncie. W razie jakichkolwiek pyta\u0144 zapraszamy do kontaktu.<\/p>\n<p>Od kilku lat okres wiosenno-letni wi\u0105\u017ce si\u0119 przede wszystkim z wysokimi temperaturami, kt\u00f3re utrudniaj\u0105 codzienne funkcjonowanie i negatywnie wp\u0142ywaj\u0105 na nasze samopoczucie. Aby upalne dni sta\u0142y si\u0119 zno\u015bne, a przede wszystkim przepe\u0142nione rado\u015bci\u0105, zdecydowanie warto rozwa\u017cy\u0107 inwestycj\u0119 w\u00a0<strong>basen ogrodowy<\/strong>, kt\u00f3ry umo\u017cliwi och\u0142odzenie organizmu, a tak\u017ce dostarczy wielu godzin przepe\u0142nionych zabaw\u0105 m\u0142odszym domownikom. Nie jeste\u015b przekonany? Koniecznie sprawd\u017a, dlaczego jeszcze\u00a0<strong>basen w ogrodzie<\/strong>\u00a0uchodzi za zdecydowany\u00a0<em>must have<\/em>\u00a0w upalne dni. W tym celu polecamy r\u00f3wnie\u017c nasz wpis \u2013\u00a0<a href=\"https:\/\/laghetto.pl\/prywatne\/nowoczesny-basen\/\">Nowoczesny basen \u2013 jaki to basen?<\/a><\/p>\n<h2>Dlaczego warto zainwestowa\u0107 w basen ogrodowy stela\u017cowy?<\/h2>\n<p>W rzeczywisto\u015bci\u00a0<strong>baseny ogrodowe stela\u017cowe<\/strong>\u00a0uchodz\u0105 za wieloletni\u0105 inwestycj\u0119, kt\u00f3ra zwr\u00f3ci si\u0119 wraz z up\u0142ywem czasu. Opr\u00f3cz szybkiego oraz skutecznego sposobu na och\u0142odzenie organizmu pozwalaj\u0105 one oszcz\u0119dzi\u0107 czas i koszty, kt\u00f3re normalnie wydaliby\u015bmy na dojazd lub karnet na p\u0142ywalni\u0119.<\/p>\n<p><strong>Baseny ogrodowe ca\u0142oroczne<\/strong>\u00a0to r\u00f3wnie\u017c \u015bwietne rozwi\u0105zanie dla mi\u0142o\u015bnik\u00f3w sport\u00f3w wodnych, kt\u00f3rzy mog\u0105 w ka\u017cdej chwili przeprowadzi\u0107 trening i doskonali\u0107 swoje umiej\u0119tno\u015bci. Co najwa\u017cniejsze, decyduj\u0105c si\u0119 na\u00a0<strong>basen ogrodowy stela\u017cowy<\/strong>, r\u00f3wnocze\u015bnie stawiamy na higien\u0119. W por\u00f3wnaniu do basen\u00f3w publicznych nie musisz martwi\u0107 si\u0119 o zarazki czy jako\u015b\u0107 wody. Wystarczy zaopatrzy\u0107 si\u0119 w odpowiedni sprz\u0119t oraz tabletki umo\u017cliwiaj\u0105ce regularne chlorowanie zgromadzonej wody. Serdecznie zapraszamy do zapoznania si\u0119 z aktualn\u0105 ofert\u0105 naszej firmy! A z wszystkim pytania zapraszamy do\u00a0<a href=\"https:\/\/laghetto.pl\/prywatne\/kontakt\/\">kontaktu<\/a>.<\/p>\n<h2><span style=\"font-weight: 400;\">Jak przygotowa\u0107 pod\u0142o\u017ce pod basen ogrodowy?<\/span><\/h2>\n<p><span style=\"font-weight: 400;\">Basen ogrodowy to \u015bwietny pomys\u0142. Roz\u0142o\u017cenie go b\u0119dzie doskona\u0142\u0105 okazj\u0105 na sp\u0119dzenie czasu w gronie rodziny i przyjaci\u00f3\u0142. Aby cieszy\u0107 si\u0119 z prywatnego k\u0105pieliska nale\u017cy wcze\u015bniej przygotowa\u0107 pod\u0142o\u017ce. Basen ogrodowy stela\u017cowy najlepiej ustawi\u0107 na piasku, trawniku lub kostce brukowej. Warto jednak pami\u0119ta\u0107, \u017ce piasek b\u0119dzie wymaga\u0142 wypoziomowania, trawa po sezonie i z\u0142o\u017ceniu basenu b\u0119dzie ca\u0142kowicie zniszczona, a na kostk\u0119 brukow\u0105 najlepiej wy\u0142o\u017cy\u0107 mat\u0105, dzi\u0119ki czemu dno b\u0119dzie bezpieczniejsze w u\u017cytkowaniu. Z kolei nie zalecamy stawia\u0107 konstrukcji na asfalcie, kamienistym terenie, kamyczkach dekoracyjnych i glinie. Unikanie niestabilnego gruntu gwarantuje przed\u0142u\u017cenie \u017cywotno\u015bci basenu. Rodzaj pod\u0142o\u017ca jest bardzo istotny, ale nie mo\u017cna zapomnie\u0107 te\u017c o wyborze odpowiedniego miejsca, kt\u00f3re b\u0119dzie wystarczaj\u0105co nas\u0142onecznione, aby m\u00f3c w pe\u0142ni cieszy\u0107 si\u0119 z relaksu w ogrodzie.\u00a0\u00a0<\/span><\/p>\n<h2><span style=\"font-weight: 400;\">Jaki kszta\u0142t basenu ogrodowego wybra\u0107?<\/span><\/h2>\n<p><span style=\"font-weight: 400;\">Kszta\u0142t basenu ogrodowego jest r\u00f3wnie istotny, co jego wymiary i rodzaj. Punktem wyj\u015bcia pozostaje dost\u0119pne miejsce, kt\u00f3re warunkuje powierzchni\u0119 pozwalaj\u0105c\u0105 na relaks. Zdecydowanie najpopularniejsze s\u0105 <\/span><a href=\"https:\/\/laghetto.pl\/prywatne\/baseny-prostokatne\/\"><span style=\"font-weight: 400;\">baseny prostok\u0105tne<\/span><\/a><span style=\"font-weight: 400;\"> rozporowe, jak i te wzmacniane stela\u017cem. Sprawdzaj\u0105 si\u0119 dla dzieci i doros\u0142ych. Umo\u017cliwiaj\u0105 aktywny wypoczynek, a dost\u0119pna powierzchnia zapewnia wi\u0119cej miejsca w por\u00f3wnaniu do okr\u0105g\u0142ych basen\u00f3w. Stela\u017c gwarantuje trwa\u0142o\u015b\u0107 i wytrzyma\u0142o\u015b\u0107. \u015awietnie sprawdza si\u0119 w ma\u0142ym przydomowym ogrodzie, na wi\u0119kszym terenie i na dzia\u0142ce poza miastem. Dla m\u0142odszych mi\u0142o\u015bnik\u00f3w aktywno\u015bci w wodzie, warto rozwa\u017cy\u0107 prostok\u0105tny basen rozporowy. Nie wymaga precyzyjnie przygotowanego pod\u0142o\u017ca. Drobne nier\u00f3wno\u015bci nie przeszkadzaj\u0105 w k\u0105pieli, a boki basenu eliminuj\u0105 ryzyko wylania si\u0119 wody, co zazwyczaj sprzyja zabawom w gronie kochaj\u0105cych letnie k\u0105piele dzieci.\u00a0<\/span><\/p>\n<h2><span style=\"font-weight: 400;\">Czy basen ogrodowy mo\u017cna zostawi\u0107 na zim\u0119?<\/span><\/h2>\n<p><span style=\"font-weight: 400;\">Sk\u0142adanie basenu po sezonie letnim nikogo nie dziwi, ale co je\u015bli miejsce na przechowywanie jest ograniczone? Wielu klient\u00f3w zastanawia si\u0119, czy basen ogrodowy mo\u017cna zostawi\u0107 na zim\u0119. Okazuje si\u0119, \u017ce zbiorniki rozporowe i ze stela\u017cem mog\u0105 zimowa\u0107 na ogrodzie, jednak nale\u017cy zastosowa\u0107 kilka niezb\u0119dnych czynno\u015bci, kt\u00f3re nie wp\u0142yn\u0105 na trwa\u0142o\u015b\u0107 konstrukcji i jako\u015b\u0107 k\u0105pieli w kolejnym sezonie.\u00a0<\/span><\/p>\n<p><span style=\"font-weight: 400;\">Pierwszym etapem jest pozostawienie wody oko\u0142o 10 do 20 cm poni\u017cej urz\u0105dze\u0144 montowanych w \u015brodku. Absolutnie nie nale\u017cy pozbywa\u0107 si\u0119 wody w ca\u0142o\u015bci, bo to mo\u017ce prowadzi\u0107 do uszkodze\u0144 zbiornika. Istotne jest r\u00f3wnie\u017c zastosowanie \u015brodk\u00f3w, kt\u00f3re pozostawi\u0105 wod\u0119 czyst\u0105 bez zanieczyszcze\u0144. Aby powstrzyma\u0107 zamarzanie wody wystarczy wrzuci\u0107 do basenu ogrodowego specjalne bojki, styropian lub po\u0142\u0105czone ze sob\u0105 puste, plastikowe butelki. Ostatnim etapem przygotowania basenu do okresu jesienno-zimowego jest w\u0142a\u015bciwe zabezpieczenie zawor\u00f3w i na\u0142o\u017cenie pokrywy basenowej na zbiornik. Niezb\u0119dne b\u0119dzie osuszenie instalacji grzewczej, filtr\u00f3w i zatkanie dyszy korkami. <\/span><\/p>\n","protected":false},"excerpt":{"rendered":"<p>Basen ogrodowy ca\u0142oroczny &#8211; relaks na wyci\u0105gni\u0119cie r\u0119ki Marzysz o relaksie i orze\u017awieniu w upalne dni? Zainwestuj w basen stela\u017cowy, kt\u00f3ry umie\u015bcisz w swoim ogrodzie. Wyprawa do aquaparku czy na p\u0142ywalni\u0119 poch\u0142ania du\u017co czasu, szczeg\u00f3lnie je\u015bli wybierasz si\u0119 tam z dzie\u0107mi. Zakup\u00a0basenu ogrodowego stela\u017cowego\u00a0to nie tylko oszcz\u0119dno\u015b\u0107 czasu, ale tak\u017ce pieni\u0119dzy, poniewa\u017c jest to wieloletnia [&hellip;]<\/p>\n","protected":false},"author":1,"featured_media":0,"parent":664,"menu_order":0,"comment_status":"closed","ping_status":"closed","template":"page-single-offer.php","meta":[],"yoast_head":"<!-- This site is optimized with the Yoast SEO plugin v15.5 - https:\/\/yoast.com\/wordpress\/plugins\/seo\/ -->\n<meta name=\"description\" content=\"Baseny ogrodowe ca\u0142oroczne \u2b50 Relaks i orze\u017awienie w upalne dni \u2b50 Basen ogrodowy stela\u017cowy \u2b55 Sprawd\u017a \u27a4 Laghetto.pl\" \/>\n<meta name=\"robots\" content=\"index, follow, max-snippet:-1, max-image-preview:large, max-video-preview:-1\" \/>\n<link rel=\"canonical\" href=\"https:\/\/laghetto.pl\/prywatne\/baseny-ogrodowe\/\" \/>\n<meta property=\"og:locale\" content=\"pl_PL\" \/>\n<meta property=\"og:type\" content=\"article\" \/>\n<meta property=\"og:title\" content=\"Baseny ogrodowe stela\u017cowe, ca\u0142oroczne - Laghetto.pl\" \/>\n<meta property=\"og:description\" content=\"Baseny ogrodowe ca\u0142oroczne \u2b50 Relaks i orze\u017awienie w upalne dni \u2b50 Basen ogrodowy stela\u017cowy \u2b55 Sprawd\u017a \u27a4 Laghetto.pl\" \/>\n<meta property=\"og:url\" content=\"https:\/\/laghetto.pl\/prywatne\/baseny-ogrodowe\/\" \/>\n<meta property=\"og:site_name\" content=\"Baseny prywatne\" \/>\n<meta property=\"article:modified_time\" content=\"2022-09-15T09:22:31+00:00\" \/>\n<meta name=\"twitter:card\" content=\"summary_large_image\" \/>\n<meta name=\"twitter:label1\" content=\"Est. reading time\">\n\t<meta name=\"twitter:data1\" content=\"5 minut\">\n<script type=\"application\/ld+json\" class=\"yoast-schema-graph\">{\"@context\":\"https:\/\/schema.org\",\"@graph\":[{\"@type\":\"WebSite\",\"@id\":\"https:\/\/laghetto.pl\/prywatne\/#website\",\"url\":\"https:\/\/laghetto.pl\/prywatne\/\",\"name\":\"Baseny prywatne\",\"description\":\"Kolejna witryna oparta na WordPressie\",\"potentialAction\":[{\"@type\":\"SearchAction\",\"target\":\"https:\/\/laghetto.pl\/prywatne\/?s={search_term_string}\",\"query-input\":\"required name=search_term_string\"}],\"inLanguage\":\"pl-PL\"},{\"@type\":\"WebPage\",\"@id\":\"https:\/\/laghetto.pl\/prywatne\/baseny-ogrodowe\/#webpage\",\"url\":\"https:\/\/laghetto.pl\/prywatne\/baseny-ogrodowe\/\",\"name\":\"Baseny ogrodowe stela\\u017cowe, ca\\u0142oroczne - Laghetto.pl\",\"isPartOf\":{\"@id\":\"https:\/\/laghetto.pl\/prywatne\/#website\"},\"datePublished\":\"2022-05-11T08:42:27+00:00\",\"dateModified\":\"2022-09-15T09:22:31+00:00\",\"description\":\"Baseny ogrodowe ca\\u0142oroczne \\u2b50 Relaks i orze\\u017awienie w upalne dni \\u2b50 Basen ogrodowy stela\\u017cowy \\u2b55 Sprawd\\u017a \\u27a4 Laghetto.pl\",\"inLanguage\":\"pl-PL\",\"potentialAction\":[{\"@type\":\"ReadAction\",\"target\":[\"https:\/\/laghetto.pl\/prywatne\/baseny-ogrodowe\/\"]}]}]}<\/script>\n<!-- \/ Yoast SEO plugin. -->","_links":{"self":[{"href":"https:\/\/laghetto.pl\/prywatne\/wp-json\/wp\/v2\/pages\/718"}],"collection":[{"href":"https:\/\/laghetto.pl\/prywatne\/wp-json\/wp\/v2\/pages"}],"about":[{"href":"https:\/\/laghetto.pl\/prywatne\/wp-json\/wp\/v2\/types\/page"}],"author":[{"embeddable":true,"href":"https:\/\/laghetto.pl\/prywatne\/wp-json\/wp\/v2\/users\/1"}],"replies":[{"embeddable":true,"href":"https:\/\/laghetto.pl\/prywatne\/wp-json\/wp\/v2\/comments?post=718"}],"version-history":[{"count":9,"href":"https:\/\/laghetto.pl\/prywatne\/wp-json\/wp\/v2\/pages\/718\/revisions"}],"predecessor-version":[{"id":755,"href":"https:\/\/laghetto.pl\/prywatne\/wp-json\/wp\/v2\/pages\/718\/revisions\/755"}],"up":[{"embeddable":true,"href":"https:\/\/laghetto.pl\/prywatne\/wp-json\/wp\/v2\/pages\/664"}],"wp:attachment":[{"href":"https:\/\/laghetto.pl\/prywatne\/wp-json\/wp\/v2\/media?parent=718"}],"curies":[{"name":"wp","href":"https:\/\/api.w.org\/{rel}","templated":true}]}}