{"id":729,"date":"2022-06-04T11:19:24","date_gmt":"2022-06-04T09:19:24","guid":{"rendered":"https:\/\/laghetto.pl\/prywatne\/?page_id=729"},"modified":"2022-10-19T11:17:43","modified_gmt":"2022-10-19T09:17:43","slug":"baseny-stelazowe","status":"publish","type":"page","link":"https:\/\/laghetto.pl\/prywatne\/baseny-stelazowe\/","title":{"rendered":"Baseny stela\u017cowe"},"content":{"rendered":"<p>Coraz cz\u0119\u015bciej w\u0142a\u015bciciele jedno- lub wielorodzinnych dom\u00f3w wolnostoj\u0105cych czy te\u017c ogr\u00f3dk\u00f3w dzia\u0142kowych decyduj\u0105 si\u0119 na&nbsp;<strong>basen ze stela\u017cem<\/strong>, kt\u00f3ry stanowi doskona\u0142\u0105 alternatyw\u0119 dla publicznych p\u0142ywalni. Co wi\u0119cej, mo\u017cna go umie\u015bci\u0107 w dowolnym miejscu, dzi\u0119ki czemu z jego potencja\u0142u mo\u017cna skorzysta\u0107 w ka\u017cdym, wybranym przez Ciebie b\u0105d\u017a pozosta\u0142ych domownik\u00f3w momencie. Nie wiesz, jaki&nbsp;<strong>basen ze stela\u017cem<\/strong>&nbsp;b\u0119dzie dobrym wyborem do Twojego ogrodu? Bez obaw \u2013 jeste\u015bmy od tego, aby pom\u00f3c Ci w sfinalizowaniu wieloletniej inwestycji! W naszej ofercie mamy r\u00f3wnie\u017c&nbsp;<a href=\"https:\/\/laghetto.pl\/prywatne\/baseny-naziemne\/baseny-ogrodowe\/\">baseny ogrodowe<\/a>, czy te\u017c&nbsp;<a href=\"https:\/\/laghetto.pl\/prywatne\/baseny-naziemne\/\">baseny naziemne<\/a><\/p>\n<h2>Relaks w basenie ogrodowym na wyci\u0105gni\u0119cie r\u0119ki<\/h2>\n<p><b>Baseny stela\u017cowe<\/b><span style=\"font-weight: 400;\"> to typ basen\u00f3w naziemnych, kt\u00f3re mo\u017cna stosunkowo \u0142atwo przestawia\u0107 i sk\u0142ada\u0107. Ich konstrukcja utrzymuje si\u0119 dzi\u0119ki stela\u017cowi, kt\u00f3ry daje im stabilno\u015b\u0107. Nasza oferta zawiera zbiorniki ogrodowe do p\u0142ywania o r\u00f3\u017cnej wielko\u015bci. Mo\u017ce w nich p\u0142ywa\u0107 dziecko, doros\u0142y, a tak\u017ce ca\u0142a rodzina. Bez trudu ustawisz je w ma\u0142ych ogrodach, dok\u0142adnie tam, gdzie chcesz i tak, jak chcesz. Dadz\u0105 te\u017c mo\u017cliwo\u015b\u0107 p\u0142ywania wtedy, kiedy masz na to ochot\u0119. Maj\u0105c w\u0142asny <\/span><b>basen na stela\u017cu<\/b><span style=\"font-weight: 400;\"> nie trzeba dostosowywa\u0107 si\u0119 do oferty p\u0142ywalni, gdzie trzeba dzieli\u0107 przestrze\u0144 z wieloma obcymi osobami. P\u0142ywanie w znanym, ograniczonym towarzystwie jest o wiele bezpieczniejsze. Zam\u00f3w u nas basen ogrodowy i ciesz si\u0119 p\u0142ywaniem tak, jak chcesz. Wystarczy, \u017ce powiesz, czego oczekujesz, a my spe\u0142nimy Twoje potrzeby, r\u00f3wnie\u017c te z zakresu wygl\u0105du basenu &#8211; oferujemy zbiornik ze \u015bcianami w wielu kolorach.<\/span><\/p>\n<h2><span style=\"font-weight: 400;\">Co daj\u0105 <\/span><b>baseny na stela\u017cach<\/b><span style=\"font-weight: 400;\">?<\/span><\/h2>\n<p><span style=\"font-weight: 400;\">Tak jak wszystkie inne typy zbiornik\u00f3w, <\/span><b>baseny na stela\u017cach<\/b><span style=\"font-weight: 400;\"> s\u0105 przeznaczone do p\u0142ywania we w\u0142asnym ogrodzie. Poniewa\u017c ka\u017cda przestrze\u0144 jest inna, to nasze produkty te\u017c si\u0119 od siebie r\u00f3\u017cni\u0105. Oferujemy <\/span><b>baseny stela\u017cowe<\/b><span style=\"font-weight: 400;\"> okr\u0105g\u0142e i prostok\u0105tne, w r\u00f3\u017cnych rozmiarach, a do ka\u017cdego do\u0142\u0105czamy akcesoria daj\u0105ce wi\u0119cej mo\u017cliwo\u015bci i czyni\u0105ce p\u0142ywanie jeszcze przyjemniejszym. Takie produkty, jak <\/span><a href=\"https:\/\/laghetto.pl\/prywatne\/baseny-naziemne\/classic\/\"><span style=\"font-weight: 400;\">basen stela\u017cowy Classic<\/span><\/a><span style=\"font-weight: 400;\"> s\u0105 wyposa\u017cone w drabink\u0119 i lamp\u0119 LED. Te dodatki pozwalaj\u0105 dosta\u0107 si\u0119 do wody \u0142atwo i bezpiecznie, tak\u017ce wieczorem. Mo\u017cesz wi\u0119c odpr\u0119\u017cy\u0107 si\u0119 w wodzie po pracy, czy sch\u0142odzi\u0107 w letni wiecz\u00f3r. <\/span><b>Basen na stela\u017cu<\/b><span style=\"font-weight: 400;\"> w ogrodzie jest doskona\u0142y te\u017c dla os\u00f3b, kt\u00f3re morsuj\u0105. U\u0142atwia on zorganizowanie ca\u0142ej grupy, bo nie trzeba szuka\u0107 miejsca, w kt\u00f3rym b\u0119dzie si\u0119 p\u0142ywa\u0107. Zrobicie to tak jak chcecie i kiedy chcecie, wykorzystuj\u0105c do tego ogr\u00f3d.<\/span><\/p>\n<h2><span style=\"font-weight: 400;\">Ogrodowe <\/span><b>baseny stela\u017cowe<\/b><span style=\"font-weight: 400;\"> &#8211; czyste i bezpieczne<\/span><\/h2>\n<p><span style=\"font-weight: 400;\">Cho\u0107 p\u0142ywanie to \u015bwietna rozrywka i spos\u00f3b na odpr\u0119\u017cenie, to trzeba przy nim wyj\u0105tkowo dba\u0107 o higien\u0119. Publiczne p\u0142ywalnie silnie chloruj\u0105 wod\u0119, aby pozby\u0107 si\u0119 zarazk\u00f3w, co jednak wysusza sk\u00f3r\u0119. Bezpieczniejsze s\u0105 prywatne <\/span><b>baseny na stela\u017cach<\/b><span style=\"font-weight: 400;\">. Doskona\u0142y jest <\/span><a href=\"https:\/\/laghetto.pl\/prywatne\/baseny-naziemne\/pop\/\"><span style=\"font-weight: 400;\">basen stela\u017cowy POP<\/span><\/a><span style=\"font-weight: 400;\">, kt\u00f3ry jest jednym z wielu zawieraj\u0105cych odkurzacz basenowy i system filtracji. Te akcesoria s\u0142u\u017c\u0105 do oczyszczania wody i \u015bcianek basenu. Ich praca pozwala na ustawienie p\u0142ywalni ogrodowej na ca\u0142e lato, a nawet na rok. Nie musisz codziennie wymienia\u0107 wody wewn\u0105trz. Wystarczy j\u0105 filtrowa\u0107. Prywatny <\/span><b>basen na stela\u017cu<\/b><span style=\"font-weight: 400;\"> to r\u00f3wnie\u017c ograniczenie ilo\u015bci os\u00f3b, kt\u00f3re z niego korzystaj\u0105 wi\u0119c utrzymanie porz\u0105dku jest \u0142atwe do kontrolowania. Skorzystaj z naszych basen\u00f3w zewn\u0119trznych i ciesz si\u0119 p\u0142ywaniem na najwy\u017cszym poziomie bezpiecze\u0144stwa!<\/span><\/p>\n\n\n<h2>Jaki basen ze stela\u017cem do ogrodu wybra\u0107?<\/h2>\n\n\n\n<p>Zar\u00f3wno w sklepach stacjonarnych, jak i internetowych mo\u017cna znale\u017a\u0107&nbsp;<strong>baseny stela\u017cowe<\/strong>&nbsp;okr\u0105g\u0142e b\u0105d\u017a&nbsp;<a href=\"https:\/\/laghetto.pl\/prywatne\/baseny-naziemne\/baseny-prostokatne\/\">prostok\u0105tne<\/a>. Niemniej bez wzgl\u0119du na ich kszta\u0142t:<\/p>\n\n\n\n<ul><li>u\u017cytkownicy b\u0119d\u0105 mieli wystarczaj\u0105c\u0105 ilo\u015b\u0107 przestrzeni do usprawnienia swoich umiej\u0119tno\u015bci,<\/li><li>sam&nbsp;<strong>basen ze stela\u017cem<\/strong>&nbsp;nie b\u0119dzie zajmowa\u0142 wiele miejsca, dzi\u0119ki czemu zmie\u015bci si\u0119 w ogrodzie, r\u00f3wnie\u017c o mniejszej powierzchni,<\/li><li>zamawiaj\u0105cy ma mo\u017cliwo\u015b\u0107 indywidualnego dostosowania rozmiaru basenu do powierzchni ogrodu oraz w\u0142asnych preferencji.<\/li><\/ul>\n\n\n\n<p>Je\u015bli za\u015b szukasz modnego rozwi\u0105zania jakim jest basen z rattanu to zach\u0119camy do sprawdzenia naszego wpisu \u201c<a href=\"https:\/\/laghetto.pl\/prywatne\/baseny-z-rattanu\/\">Baseny z rattanu \u2013 czym s\u0105?<\/a>\u201d<\/p>\n\n\n\n<p>Je\u015bli masz jakiekolwiek pytania, serdecznie zach\u0119camy do&nbsp;<a href=\"https:\/\/laghetto.pl\/prywatne\/kontakt\/\">kontaktu drog\u0105 mailow\u0105 lub telefoniczn\u0105<\/a>. Nasi specjali\u015bci z pewno\u015bci\u0105 postaraj\u0105 si\u0119 rozwia\u0107 wszystkie Twoje mo\u017cliwo\u015bci, a z\u0142o\u017cone zam\u00f3wienie zostanie wykonane zgodnie z okre\u015blonymi przez Ciebie wytycznymi oraz dba\u0142o\u015bci\u0105 o nawet najdrobniejsze szczeg\u00f3\u0142y.<\/p>\n","protected":false},"excerpt":{"rendered":"<p>Coraz cz\u0119\u015bciej w\u0142a\u015bciciele jedno- lub wielorodzinnych dom\u00f3w wolnostoj\u0105cych czy te\u017c ogr\u00f3dk\u00f3w dzia\u0142kowych decyduj\u0105 si\u0119 na&nbsp;basen ze stela\u017cem, kt\u00f3ry stanowi doskona\u0142\u0105 alternatyw\u0119 dla publicznych p\u0142ywalni. Co wi\u0119cej, mo\u017cna go umie\u015bci\u0107 w dowolnym miejscu, dzi\u0119ki czemu z jego potencja\u0142u mo\u017cna skorzysta\u0107 w ka\u017cdym, wybranym przez Ciebie b\u0105d\u017a pozosta\u0142ych domownik\u00f3w momencie. Nie wiesz, jaki&nbsp;basen ze stela\u017cem&nbsp;b\u0119dzie dobrym wyborem [&hellip;]<\/p>\n","protected":false},"author":1,"featured_media":0,"parent":664,"menu_order":0,"comment_status":"closed","ping_status":"closed","template":"page-single-offer.php","meta":[],"yoast_head":"<!-- This site is optimized with the Yoast SEO plugin v15.5 - https:\/\/yoast.com\/wordpress\/plugins\/seo\/ -->\n<meta name=\"description\" content=\"Laghetto baseny prywatne proponuje baseny stela\u017cowe, czyli relaks w Twoim ogrodzie na wyci\u0105gni\u0119cie r\u0119ki. Klasyczny w\u0142oski styl, wygoda i bezpiecze\u0144stwo.\" \/>\n<meta name=\"robots\" content=\"index, follow, max-snippet:-1, max-image-preview:large, max-video-preview:-1\" \/>\n<link rel=\"canonical\" href=\"https:\/\/laghetto.pl\/prywatne\/baseny-stelazowe\/\" \/>\n<meta property=\"og:locale\" content=\"pl_PL\" \/>\n<meta property=\"og:type\" content=\"article\" \/>\n<meta property=\"og:title\" content=\"Baseny stela\u017cowe - Basen na stela\u017cu - Laghetto.pl\" \/>\n<meta property=\"og:description\" content=\"Laghetto baseny prywatne proponuje baseny stela\u017cowe, czyli relaks w Twoim ogrodzie na wyci\u0105gni\u0119cie r\u0119ki. Klasyczny w\u0142oski styl, wygoda i bezpiecze\u0144stwo.\" \/>\n<meta property=\"og:url\" content=\"https:\/\/laghetto.pl\/prywatne\/baseny-stelazowe\/\" \/>\n<meta property=\"og:site_name\" content=\"Baseny prywatne\" \/>\n<meta property=\"article:modified_time\" content=\"2022-10-19T09:17:43+00:00\" \/>\n<meta name=\"twitter:card\" content=\"summary_large_image\" \/>\n<meta name=\"twitter:label1\" content=\"Est. reading time\">\n\t<meta name=\"twitter:data1\" content=\"3 minuty\">\n<script type=\"application\/ld+json\" class=\"yoast-schema-graph\">{\"@context\":\"https:\/\/schema.org\",\"@graph\":[{\"@type\":\"WebSite\",\"@id\":\"https:\/\/laghetto.pl\/prywatne\/#website\",\"url\":\"https:\/\/laghetto.pl\/prywatne\/\",\"name\":\"Baseny prywatne\",\"description\":\"Kolejna witryna oparta na WordPressie\",\"potentialAction\":[{\"@type\":\"SearchAction\",\"target\":\"https:\/\/laghetto.pl\/prywatne\/?s={search_term_string}\",\"query-input\":\"required name=search_term_string\"}],\"inLanguage\":\"pl-PL\"},{\"@type\":\"WebPage\",\"@id\":\"https:\/\/laghetto.pl\/prywatne\/baseny-stelazowe\/#webpage\",\"url\":\"https:\/\/laghetto.pl\/prywatne\/baseny-stelazowe\/\",\"name\":\"Baseny stela\\u017cowe - Basen na stela\\u017cu - Laghetto.pl\",\"isPartOf\":{\"@id\":\"https:\/\/laghetto.pl\/prywatne\/#website\"},\"datePublished\":\"2022-06-04T09:19:24+00:00\",\"dateModified\":\"2022-10-19T09:17:43+00:00\",\"description\":\"Laghetto baseny prywatne proponuje baseny stela\\u017cowe, czyli relaks w Twoim ogrodzie na wyci\\u0105gni\\u0119cie r\\u0119ki. Klasyczny w\\u0142oski styl, wygoda i bezpiecze\\u0144stwo.\",\"inLanguage\":\"pl-PL\",\"potentialAction\":[{\"@type\":\"ReadAction\",\"target\":[\"https:\/\/laghetto.pl\/prywatne\/baseny-stelazowe\/\"]}]}]}<\/script>\n<!-- \/ Yoast SEO plugin. -->","_links":{"self":[{"href":"https:\/\/laghetto.pl\/prywatne\/wp-json\/wp\/v2\/pages\/729"}],"collection":[{"href":"https:\/\/laghetto.pl\/prywatne\/wp-json\/wp\/v2\/pages"}],"about":[{"href":"https:\/\/laghetto.pl\/prywatne\/wp-json\/wp\/v2\/types\/page"}],"author":[{"embeddable":true,"href":"https:\/\/laghetto.pl\/prywatne\/wp-json\/wp\/v2\/users\/1"}],"replies":[{"embeddable":true,"href":"https:\/\/laghetto.pl\/prywatne\/wp-json\/wp\/v2\/comments?post=729"}],"version-history":[{"count":3,"href":"https:\/\/laghetto.pl\/prywatne\/wp-json\/wp\/v2\/pages\/729\/revisions"}],"predecessor-version":[{"id":733,"href":"https:\/\/laghetto.pl\/prywatne\/wp-json\/wp\/v2\/pages\/729\/revisions\/733"}],"up":[{"embeddable":true,"href":"https:\/\/laghetto.pl\/prywatne\/wp-json\/wp\/v2\/pages\/664"}],"wp:attachment":[{"href":"https:\/\/laghetto.pl\/prywatne\/wp-json\/wp\/v2\/media?parent=729"}],"curies":[{"name":"wp","href":"https:\/\/api.w.org\/{rel}","templated":true}]}}